actors of u?
2, 3
Suppose w + 30 - 7 = 5*m, 2*w = -m - 24. Let i = 4 + w. Let x = i - -24. List the prime factors of x.
3, 5
Let p(s) = 2*s**3 + 15*s**2 + 8*s + 8. Let c be p(-7). Let w(x) = 92*x + 4. What are the prime factors of w(c)?
2, 3
Let t = -149 + 541. List the prime factors of t.
2, 7
Let o(m) be the second derivative of m**3/6 + m. Let h = 49 - 46. What are the prime factors of o(h)?
3
Suppose -5*x + 1931 = -i, -x + 2*i + 385 = 3*i. What are the prime factors of x?
2, 193
Let q be (632/(-12))/(12/90). What are the prime factors of (q/(-15))/(2 - 15/9)?
79
Suppose 4*a - 48 = a. Suppose 12*p = a*p - 24. List the prime factors of (p/(-4))/((-51)/2210).
5, 13
Let w = -681 - -1157. List the prime factors of w.
2, 7, 17
What are the prime factors of ((-4732)/(-48)*3)/((-2)/(-8))?
7, 13
Suppose -2015 = 2*q + 4*s - 9617, 3*s - 11409 = -3*q. What are the prime factors of q?
5, 761
Let n(r) = 2*r**3 - 2*r**2 + 8*r + 4. Let x be n(6). Suppose 13*d - x = 11*d. What are the prime factors of d?
2, 103
Suppose 14 = d + 53. Let q(z) = z**3 + 11*z**2 + 10*z + 8. Let h be q(-10). Let n = h - d. What are the prime factors of n?
47
Let x(u) = 2 + 9 - u - 1 + 10. List the prime factors of x(-6).
2, 13
Suppose s - 3*s - 7 = -3*f, -5 = -2*f + s. Suppose -3*w + f*l + 264 = 0, -w + 98 = -l - 2*l. List the prime factors of w.
83
Suppose -2*f + 3*j = -2697, 2691 = 2*f + 3*j - 4*j. What are the prime factors of f?
2, 3, 7
Suppose 4*p + 13272 = 12*p. List the prime factors of p.
3, 7, 79
Suppose -23*f + 322 = -21*f. Let b = f - 99. List the prime factors of b.
2, 31
Let q be (-46)/8 + 2/(-8). Let m(j) = 5*j + 13. Let t be m(q). Let y = t - -23. List the prime factors of y.
2, 3
Let i(n) = n**2 - 6*n + 2. Let s be i(6). Suppose -x + 13 = s*g, 2*g = 4*x - 0*x + 18. Let f(u) = -u**3 + 8*u**2 - 3*u - 7. What are the prime factors of f(g)?
3, 7
Let o be (-2 - -15)/((-3)/(-6)). Let m = 14 - o. List the prime factors of 2/m + 155/30.
5
Let j(q) = q**2 + 25. List the prime factors of j(-15).
2, 5
What are the prime factors of 8678*(-1)/(-10) + (-8)/10?
3, 17
Suppose 0*m - 42 = -2*n + 2*m, 0 = -5*n + 4*m + 104. Suppose 48 = 5*g - 5*h - 37, g = -2*h + n. List the prime factors of g.
2, 3
Let v(n) = -3*n**3 - n**2 - n - 1. Let a be v(-1). Let l be 2/1 - (-2)/a. Suppose -3*f = l - 15. List the prime factors of f.
2
Let i be -13*(4 - (-1)/(4/(-488))). Suppose 239 = -5*u + i. List the prime factors of u.
7, 37
Suppose 0*x + x - 936 = 0. List the prime factors of x.
2, 3, 13
Let h = -13 - -8. Let g be 5 + h + -1 + 3. Suppose 155 = 5*p + 3*x, -g*p - 3*p = 5*x - 155. List the prime factors of p.
31
Suppose -5*s + 48 = -3*z, -2*z = -5*z - 3. Suppose 3*b = -2*n - b - 6, 2*n + 3*b = -s. List the prime factors of (1 - 2)/(n/153).
17
What are the prime factors of (9*(-7)/(-63))/((-4)/(-14024))?
2, 1753
Let y(o) = -53*o**2 - 26*o**2 - 10*o**2 + 2 + 3. Let s be y(-3). List the prime factors of (-12)/66 - s/22.
2, 3
Let p be (-44)/(-110) - 16/(-10). Suppose 2*l - 96 = -p*l. List the prime factors of l.
2, 3
Let r(s) be the second derivative of s**3/2 - 2*s**2 + 2*s. Let v be r(6). Let o = v - -7. What are the prime factors of o?
3, 7
Suppose 2*m = -l + 1485, 0 = -3*m - 2*l + 511 + 1717. What are the prime factors of m?
2, 7, 53
Let q be 2/7 - (-1275)/21. Suppose -4*b - 55 - 105 = 5*d, b + 3*d = -47. Let y = q + b. What are the prime factors of y?
2, 13
Suppose -5 = -3*y + 7. Suppose -y*m = -3*j - j + 160, 5*j + 4*m = 200. List the prime factors of j.
2, 5
Let y(o) = 13*o + 2. Let t be y(-8). Let a = t + 204. What are the prime factors of a?
2, 3, 17
Suppose -1541 = -25*r + 3934. List the prime factors of r.
3, 73
Let p = 187 + 1601. List the prime factors of p.
2, 3, 149
Let s(m) be the third derivative of 89*m**6/60 - m**4/24 + 25*m**2. List the prime factors of s(1).
3, 59
Let f(z) = 2*z**3 - 4*z**2 - 8*z + 11. Let u be f(7). Suppose -u = 5*k - 10*k. What are the prime factors of k?
89
Suppose -2*b = 4*f - 14, -b - 2*b - 19 = -2*f. Suppose f*c = 35 + 220. List the prime factors of c.
3, 17
Suppose 2*w = 130*j - 134*j + 3662, -3*w - 4*j + 5497 = 0. What are the prime factors of w?
5, 367
Let i(t) be the first derivative of t**4/4 - 4*t**3/3 - 9*t**2/2 + 3*t + 2. Let c be i(6). Suppose 9 - c = -m. List the prime factors of m.
2, 3
Let o = -2563 - -4010. What are the prime factors of o?
1447
Let f(k) = -8*k + 26. Let u be f(-11). Suppose o = 7*o - u. Suppose 0 = -p + 5*b + o, 7*b = -5*p + 3*b + 95. List the prime factors of p.
19
Let l = -5939 + 8968. What are the prime factors of l?
13, 233
Let n(d) = 20*d**2 + 12*d + 37. What are the prime factors of n(-5)?
3, 53
Suppose q = 2*u + 455, 5*q = q + 4*u + 1820. List the prime factors of q.
5, 7, 13
List the prime factors of 2/(-16)*4 - (-2095)/2.
3, 349
Let v(w) = 560*w**2 + 8. List the prime factors of v(-2).
2, 281
Suppose -16637 + 4061 = -16*d. What are the prime factors of d?
2, 3, 131
Suppose r + 3*z = -4, 0 = 3*r + z - 1 - 3. Suppose r*m = 261 + 45. Suppose -3*l + m - 36 = 0. What are the prime factors of l?
3, 13
Let z be (6*(-2)/4)/(0 - 1). Suppose -2*s = z*s - 3*q - 445, -4*q = -20. What are the prime factors of s?
2, 23
Suppose 6*r = r + 260. Let x be (-4 - r/(-12))*9. Suppose 5*w + 27 = o, o = x*w + 6 + 23. What are the prime factors of o?
2
Let o(p) = 4*p**2 + 5*p - 9. What are the prime factors of o(-20)?
3, 7, 71
Let k be 0 + 3 - (0 + 0). Let w = -45 + 45. Suppose 2*o + k*f - f - 76 = w, 3*o - 5*f - 130 = 0. List the prime factors of o.
2, 5
Let y be 0 - -8 - (5 + -4). Let n(r) = r**3 - 4*r**2 + 9*r - 8. What are the prime factors of n(y)?
2, 101
List the prime factors of 672*(2 + (-3)/(-6)).
2, 3, 5, 7
Let h(l) = 40*l. Let d be h(-2). Let y = d + -42. List the prime factors of (2/(-4)*y)/1.
61
What are the prime factors of 4 + 3465/(-84)*(-80)/3?
2, 3, 23
Let n(f) = -8*f + 40. Suppose 4*x + 3*a = -x - 63, -3*a = -5*x - 57. What are the prime factors of n(x)?
2, 17
What are the prime factors of 10/(-35)*-7 + 11?
13
Let x = 3026 - 532. What are the prime factors of x?
2, 29, 43
Let z = -7 + 7. Suppose 4*i - 62 - 82 = z. List the prime factors of 8*6*i/27.
2
Let v(r) = r**2 + 3*r + 4. Let u be v(-2). Suppose -u*d + 0*d + 78 = 0. List the prime factors of d.
3, 13
Suppose 0 = -8*k + 4*k - 224. List the prime factors of -4*5/130 - k/26.
2
Let r(p) = p + 15. Let b be r(-10). Let g be ((-188)/(-16))/((-3)/(-12)). Suppose -43 = -b*v + g. List the prime factors of v.
2, 3
Suppose 5*q = -4*r - 21 - 15, -2*r + q = 4. Let t = r - -7. Suppose 0 = -5*o - 9*u + 4*u + 125, -3*u = -t*o + 69. What are the prime factors of o?
2, 3
Suppose -p + 3*p - 44 = 0. Suppose -19*m = -p*m + 15. Suppose m*j + 22 = 6*j. List the prime factors of j.
2, 11
Let p(h) = h**2 - h - 10. List the prime factors of p(-4).
2, 5
Let y be ((-204)/8)/((-1)/2). Suppose -n + y + 27 = 0. Suppose -2*g + 2*k + n - 28 = 0, 3*k = -3. List the prime factors of g.
2, 3
Suppose -7*p + 32 = p. Suppose -z + 5 = 0, 2*z + 26 = 2*h + p*z. What are the prime factors of h?
2
Suppose -10 = 2*t - 8. What are the prime factors of (76/(-8))/(t/4)?
2, 19
Let j(p) = p - 4. Let m(i) = 6*i - 4. Let o be m(2). List the prime factors of j(o).
2
Let s = -7 - -7. Suppose s*j - 3*j + 69 = 0. Suppose 0*c + j = c. List the prime factors of c.
23
Let g = -12 - -8. Let u be (-2 - -51) + (g - -1). What are the prime factors of (-2)/2 + u + -3?
2, 3, 7
Let f = 5 - 2. Let i be f/(-9) - 52/(-3). Suppose -7 = -g + i. What are the prime factors of g?
2, 3
Let x(t) = -t**2 + 11*t - 20. Let z be x(8). Suppose -z*u - 139 = -899. What are the prime factors of u?
2, 5, 19
Let y = -108 + 775. List the prime factors of y.
23, 29
Let y be (-30)/34 - 10/85. Let p(h) = 17*h**2 + 3*h + 4. List the prime factors of p(y).
2, 3
Let m = -1070 + 717. Let x = -216 - m. List the prime factors of x.
137
Let u(s) be the second derivative of -7*s**5/60 + s**4/12 + s**3 + s. Let q(y) be the second derivative of u(y). What are the prime factors of q(-2)?
2, 3, 5
Suppose 0 = 2*y + 5*k - 2759, -4*y + 5497 = k + 2*k. List the prime factors of y.
2, 7
Let p(j) = 4*j**2 + 7*j - 27. What are the prime factors of p(-13)?
2, 3, 31
Let t(q) = -q**3 - q**2 - 2*q - 6. Let n be t(-2). Let d = n + 31. What are the prime factors of d?
3, 1